).
109
Let b(h) = -h**3 + 4*h**2 - 6*h. Determine b(4).
-24
Let w(n) = 3*n**2 - 92*n + 608. Determine w(23).
79
Let t(o) = o**3 - 10*o**2 - 5*o - 10. Give t(7).
-192
Let g(f) = -5884*f + 35323. What is g(6)?
19
Let y(r) = 43*r + 989. Determine y(-24).
-43
Let w(i) = -i**3 + 55*i**2 - 725*i - 37. Determine w(33).
-4
Let x(s) = -1930*s - 25117. Give x(-13).
-27
Let r(y) = -y**2 - 21. Determine r(15).
-246
Let a(d) = -678*d - 2531. Determine a(-4).
181
Let a(w) = -w**3 + w**2 - 50*w + 321. Give a(8).
-527
Let a(r) = 189*r + 24. Calculate a(1).
213
Let k(z) = -2*z**3 - 216*z**2 + 219*z + 152. What is k(-109)?
43
Let p(c) = -15*c**2 + 13*c - 23. Determine p(6).
-485
Let m(a) = 74*a + 9772. Give m(-129).
226
Let k(o) = -43*o**2 + 903*o + 20. Determine k(21).
20
Let r(m) = 962*m - 7697. What is r(8)?
-1
Let f(g) = 77*g + 318. What is f(-6)?
-144
Let z(b) = 282*b + 62333. Determine z(-221).
11
Let h(w) = 120*w + 1538. What is h(-13)?
-22
Let l(f) = -12*f + 91. Calculate l(-13).
247
Let y(l) = -33*l - 275. What is y(-10)?
55
Let l(t) = -t**2 - 15*t + 104. What is l(-18)?
50
Let q(y) = 3*y**3 + 5*y**2 - 14*y + 1. What is q(5)?
431
Let q(k) = 2*k**2 + 5*k - 81. Give q(-7).
-18
Let u(c) = -4*c**2 - 186*c - 952. Determine u(-6).
20
Let y(s) = -s**2 + 257*s - 4523. Give y(19).
-1
Let m(y) = 12*y**2 - 17*y - 19. What is m(-6)?
515
Let v(f) = 67*f - 222. What is v(4)?
46
Let d(g) = g**3 + 43*g**2 + 268*g + 4361. What is d(-39)?
-7
Let c(t) = 511*t - 5089. Determine c(10).
21
Let q(p) = 7*p**2 - 222*p + 603. Give q(29).
52
Let r(s) = -6*s**2 + 12*s - 41. Give r(4).
-89
Let h(o) = 11*o + 417. What is h(-44)?
-67
Let w(k) = 13*k**2 + 9*k + 26. What is w(-3)?
116
Let a(c) = -4*c**3 - c**2 + 7*c + 15. Calculate a(5).
-475
Let a(b) = 4138*b + 37258. Determine a(-9).
16
Let v(z) = z**2 - 2*z + 178. What is v(0)?
178
Let u(j) = 2*j**3 + 14*j**2 + 44*j + 6. What is u(-6)?
-186
Let i(k) = -k**3 + 35*k**2 + 192*k + 347. Determine i(40).
27
Let k(g) = -5*g**3 + 3*g**2 + 13*g - 34. What is k(3)?
-103
Let j(c) = -2*c**3 - 51*c**2 - 73*c + 32. What is j(-24)?
56
Let c(j) = j**3 - 15*j**2 + 120*j - 1215. Give c(13).
7
Let k(f) = 9*f + 71. What is k(-9)?
-10
Let d(y) = 87*y + 516. Determine d(-7).
-93
Let a(g) = -74*g - 658. Calculate a(-9).
8
Let p(o) = 19*o + 265. What is p(-10)?
75
Let v(l) = 7*l**2 + 61*l + 1. What is v(-3)?
-119
Let c(v) = 138*v**3 + 3*v**2 - 73*v - 73. Give c(-1).
-135
Let o(d) = d**2 - 722*d + 89127. Calculate o(158).
15
Let l(n) = -2467*n - 14804. What is l(-6)?
-2
Let g(x) = -x**3 + 10*x**2 + x - 26. Give g(8).
110
Let u(h) = -43*h**3 - 3*h**2 + 2*h + 7. Determine u(-2).
335
Let v(j) = -2*j**2 + 4. Determine v(5).
-46
Let f(s) = -20*s + 84. What is f(4)?
4
Let g(j) = 8*j**3 + 326*j**2 - 79*j + 94. Calculate g(-41).
-29
Let a(z) = z**3 + 2*z**2 + 4*z + 5. Calculate a(-4).
-43
Let y(z) = 4*z**2 + 27*z + 6. What is y(-2)?
-32
Let u(k) = k**3 + 67*k**2 + 259*k + 168. What is u(-63)?
-273
Let b(m) = 10*m - 273. Give b(18).
-93
Let s(g) = -1375*g - 12370. Give s(-9).
5
Let j(l) = -20*l - 1283. Calculate j(-64).
-3
Let g(j) = 6*j**3 + 299*j**2 - 54*j - 218. Determine g(-50).
-18
Let g(d) = -d**2 + 218*d + 7072. Calculate g(-29).
-91
Let h(u) = u**2 - 71*u - 1292. What is h(-15)?
-2
Let p(o) = 280*o**3 + 3*o**2 - 12*o - 13. Give p(-1).
-278
Let a(n) = -2*n**2 + 66*n + 465. What is a(39)?
-3
Let s(x) = 26*x - 978. Determine s(40).
62
Let t(l) = 13*l + 388. Give t(-31).
-15
Let n(v) = 30*v**3 + 3*v**2 + v - 8. What is n(-3)?
-794
Let o(t) = 6*t + 33. Give o(35).
243
Let o(g) = -7065*g + 42402. Calculate o(6).
12
Let n(u) = u**2 + 36*u - 7442. Give n(-107).
155
Let h(f) = -f**2 + 48*f - 538. Calculate h(19).
13
Let i(s) = -87*s + 1743. What is i(20)?
3
Let b(o) = -o**3 + 3*o**2 + 45*o + 19. Calculate b(-6).
73
Let b(l) = -l**2 + 498*l - 10009. Calculate b(21).
8
Let b(j) = -2*j**3 - 12*j**2 + 8*j + 13. Give b(-7).
55
Let n(l) = -l**3 + 27*l**2 - 153*l - 258. Give n(11).
-5
Let d(c) = 25*c**3 - c**2 - 3*c - 2. Calculate d(-1).
-25
Let k(g) = -2*g**2 + 3*g + 197. What is k(13)?
-102
Let y(q) = 2*q**3 + 35*q**2 + 189*q + 2222. Determine y(-16).
-34
Let s(k) = 4*k**2 + 71*k - 57. Calculate s(-19).
38
Let z(x) = -x**2 - 216*x - 1430. Calculate z(-7).
33
Let p(w) = w**2 + 30*w + 120. Determine p(-26).
16
Let d(j) = 13*j - 1306. Calculate d(101).
7
Let l(o) = -o**2 + 97*o - 1148. Give l(83).
14
Let f(s) = 19*s**2 + 6*s + 4. Give f(-1).
17
Let b(w) = 4*w**3 - 10*w**2 - 8. What is b(4)?
88
Let x(y) = y**3 + 45*y**2 - 54*y - 466. Calculate x(-46).
-98
Let z(r) = 18*r**3 + 4*r**2 + 12*r + 4. What is z(-2)?
-148
Let r(n) = n**2 - 265*n - 18721. Calculate r(-58).
13
Let q(b) = -4*b**3 - 162*b**2 + 77*b - 260. Determine q(-41).
-55
Let g(u) = -u**3 - 37*u**2 - 3*u + 132. Calculate g(-37).
243
Let c(q) = -36*q + 978. Determine c(17).
366
Let g(l) = -l**2 - 3*l + 47. What is g(10)?
-83
Let w(r) = -4*r**3 + 22*r**2 + 243*r + 9. Give w(11).
20
Let b(u) = 11*u**3 + 63*u**2 - 17*u - 7. Determine b(-6).
-13
Let a(x) = -9*x**3 - 21*x**2 + 71*x + 138. Give a(-2).
-16
Let x(f) = -f**3 - 18*f**2 + 51*f + 213. Determine x(-20).
-7
Let b(r) = -9*r**2 + 42*r + 475. Calculate b(10).
-5
Let a(b) = 16*b**3 + 340*b**2 + 90*b + 122. What is a(-21)?
-4
Let w(g) = 172*g + 23224. Determine w(-135).
4
Let h(f) = f**3 + 119*f**2 - 480*f + 1473. What is h(-123)?
-3
Let j(m) = -9*m**2 + 16*m + 18. Give j(3).
-15
Let h(y) = -135*y + 315. Calculate h(3).
-90
Let a(t) = -9*t + 384. Calculate a(40).
24
Let q(k) = -2*k**2 + 33*k + 1. Determine q(15).
46
Let i(s) = -3*s**2 - 99*s + 199. Give i(2).
-11
Let p(g) = 40*g + 2417. Determine p(-84).
-943
Let k(r) = 3*r**2 + 97*r + 214. What is k(-33)?
280
Let o(l) = -18*l**3 - 3*l**2 + 6*l - 2. Calculate o(1).
-17
Let q(j) = 29*j**2 - 2*j + 1. Give q(1).
28
Let p(b) = -b**2 - 1089*b - 68472. Give p(-67).
2
Let r(l) = -l**2 - 48*l + 2695. Determine r(34).
-93
Let x(p) = -304*p - 2125. What is x(-7)?
3
Let k(q) = -q**3 - 14*q**2 + 4188*q + 861. Give k(-72).
-3
Let y(s) = -33*s + 722. Calculate y(22).
-4
Let p(c) = 21*c**2 + 22*c - 31. What is p(-3)?
92
Let i(l) = 12*l**3 - 7*l**2 - 3*l - 1. Determine i(-3).
-379
Let m(k) = 22*k + 130. Give m(-10).
-90
Let y(s) = 4*s**2 + 40*s - 29. Calculate y(-6).
-125
Let k(i) = -5*i**2 + 150*i - 885. What is k(8)?
-5
Let g(l) = -l**3 + 47*l**2 - 138*l + 4234. Give g(46).
2
Let t(a) = -47*a - 2198. Determine t(-46).
-36
Let x(d) = 12*d + 530. What is x(-42)?
26
Let t(p) = p**2 - 12*p - 25. Determine t(-8).
135
Let o(w) = 212*w + 9119. What is o(-43)?
3
Let g(j) = 10*j - 61. Calculate g(0).
-61
Let n(k) = k**2 + 3*k - 16. Calculate n(-5).
-6
Let y(g) = -18*g**2 - 12*g - 20. What is y(-2)?
-68
Let j(s) = -4*s**2 + 21*s + 209. What is j(10)?
19
Let t(i) = 5*i**2 + 27*i + 86. Determine t(-5).
76
Let q(y) = -2*y**2 + 22*y + 50. Calculate q(12).
26
Let a(l) = -89*l + 8985. Give a(101).
-4
Let v(a) = -14*a - 271. Calculate v(-37).
247
Let i(t) = 6*t**2 + 125*t + 490. Give i(-5).
15
Let b(a) = -332*a - 3645. What is b(-11)?
7
Let m(n) = n**2 + 31*n + 82. What is m(-2)?
24
Let a(r) = 135*r - 86. Give a(1).
49
Let n(y) = -5*y**3 + 5*y**2 - 5*y - 4. What is n(-3)?
191
Let i(u) = 4820*u - 14467. Calculate i(3).
-7
Let p(i) = 2*i**3 - 9*i**2 + 2*i - 22. Determine p(5).
13
Let y(t) = -t + 30. Determine y(-11).
41
Let y(i) = i**2 - 179*i + 858. Calculate y(5).
-12
Let g(l) = -3*l**2 + 59*l - 285. What is g(6)?
-39
Let i(q) = -2*q**3 - 114*q**2 + 462*q - 13. Give i(4).
-117
Let k(l) = l**2 + 23*l + 92. Determine k(-6).
-10
Let g(a) = 71*a - 13030. Give g(183).
-37
Let h(f) = -528*f**2 + 6*f + 8. Calculate h(-1).
-526
Let g(r) = -14*r - 47. Determine g(-3).
-5
Let z(p) = 4*p**2 + 215*p + 281. Give z(-52).
-83
Let j(d) = 2*d**3 + 67*d**2 - 29*d + 19. Give j(-34).
-151
Let l(h) = h**3 - 8*h**2 - 90*h + 795. What is l(8)?
75
Let n(q) = -49512*q + 148535. Give n(3).
-1
Let y(o) = -3821*o - 15291. Give y(-4).
-7
Let w(r) = -14*r**2 - 99*r + 4. Calculate w(-7).
11
Let i(n) = -2*n**2 + 15*n + 83. Determine i(13).
-60
Let g(n) = -218*n**2 - 2399*n - 4. Determine g(-11).
7
Let x(i) = -30*i**2 + 120*i + 17. Give x(4).
17
Let q(o) = -o**2 - 32*o + 15. What is q(-31)?
46
Let z(w) = 106*w + 1928. Calculate z(-19).
-86
Let n(a) = -a**3 - 55*a**2 + 54*a - 